s w(i)?
11
Let f(t) = -11*t + 4. Let y(i) = -12*i + 5. Let j(l) = -4*f(l) + 3*y(l). Suppose 34*w - 84 - 73 = -123. Determine j(w).
7
Let n(s) be the second derivative of s**5/120 - s**4/24 - 6*s**3 - 36*s. Let z(x) be the second derivative of n(x). Let r be 8/6*-3 + 1. Calculate z(r).
-4
Suppose -2*c - h - 40 = 0, -5 - 10 = c + 3*h. Let l(z) = z**2 + 18*z - 55. Determine l(c).
8
Suppose -71*c + 73*c - 1950 = 0. Let w(m) = 7*m**2 + 486*m**3 + 3 - c*m**3 + 490*m**3. Calculate w(-7).
3
Let i(w) = -23*w - 17. Let r(z) be the first derivative of 2*z**2 + 3*z + 35. Let s(g) = -2*i(g) - 11*r(g). Determine s(0).
1
Suppose 4*h + 5*o + 8 + 21 = 0, 0 = o + 5. Let s be (10/25 + h)*(-12 - -2). Let t(k) = k**3 - 6*k**2 + 4. What is t(s)?
4
Let j(f) = f**2 + 10*f + 9. Let x = -808 + 812. Suppose g + 28 = -7*w, -5*g + 3*w - x*w = 38. Give j(g).
-12
Suppose -16 + 4 = -6*x. Let f be (1/x)/(0 + 5/(-120)). Let m(o) = o**2 + 12*o. What is m(f)?
0
Let y(r) = 2*r**3 + r**2 - r - 1. Let u(l) = 7*l**3 + 2*l**2 - 3*l - 5. Let f be ((-2)/(-6)*12)/1. Let j(g) = f*y(g) - u(g). Calculate j(-4).
-27
Let l(f) be the third derivative of -f**7/2520 - f**6/120 - f**5/60 - 223*f**4/24 - 241*f**2. Let g(o) be the second derivative of l(o). Give g(-7).
-9
Let y(w) = 14. Let g(z) = 14*z**2 + 3*z + 81. Let r(p) = g(p) - 6*y(p). Calculate r(1).
14
Suppose 69*a = -38*a - 214. Let d(q) = -3*q - 1. Calculate d(a).
5
Let p(i) = 19 - 16 - 38*i + 24 + 40*i + 22*i. What is p(-1)?
3
Let d(l) = l**3 - 2*l**2 - 5*l + 3. Let k = 221 - 209. Let o be k/(-30)*-5 - (-2 - -1). What is d(o)?
-3
Suppose 0 = 47*n - 43*n - 68. Let u(s) = -49*s**3 + 3*s**2 + 2 + n*s**3 + 3*s + 16*s**3 + 17*s**3 - s. What is u(-4)?
-22
Let q = 19 + -16. Suppose j + 3*j - 5*v = 27, 2*v = -3*j + q. Suppose j*r = 7*r + 4. Let h(a) = 12*a. What is h(r)?
-12
Let t(s) be the first derivative of 1/20*s**5 - 9/2*s**2 - 14*s + 5 + 2/3*s**4 + 1/6*s**3. Let r(c) be the first derivative of t(c). Give r(-8).
-17
Let b(s) = 140 - s - 63 - s**2 - 71 - s + 4*s. Determine b(4).
-2
Suppose 0 = 87*y - 83*y - 2*b + 2, 0 = 4*y - 3*b - 3. Let d(r) = 6*r. Determine d(y).
-18
Let u(i) = 2*i**3 - i**2 + i + 1. Let p = 250 - 244. Let f(h) = 10*h**3 - 5*h**2 + 8*h + 3. Let c(k) = p*u(k) - f(k). Give c(2).
11
Let h(o) = 281*o**2 - 8. Let m be h(0). Let b(f) be the second derivative of -f**4/12 - 5*f**3/3 - 3*f**2/2 - 2*f. Give b(m).
13
Let r(i) = -4*i**3 + 54*i**2 + 29*i - 16. Let d be r(14). Let b be (8/6)/(2/3). Let s(f) = f**3 + 4*f**b - 4*f**2 + 2 + f. What is s(d)?
-8
Suppose -2*l + 5*z = -35 + 41, l - 3*z + 3 = 0. Let k(t) = t**3 - 3*t + 10. What is k(l)?
-8
Let p(a) = -11*a + 2*a - 14*a**2 + 114 - 42*a**3 + 17*a**3 + 26*a**3. What is p(14)?
-12
Let a(c) = 4*c**3 - 3*c**2 - 7*c + 3. Let l(v) = 5*v**3 - 3*v**2 - 8*v + 3. Let o(h) = 4*a(h) - 3*l(h). Let y = 379 - 249. Let r = y - 127. Determine o(r).
-9
Let r(f) = -2*f - 52. Let b(w) = -2*w**3 + 388*w**2 - 387*w + 205. Let x be b(193). What is r(x)?
-76
Suppose -2*u - 6 = 0, -5*w = -2*u - u - 379. Suppose 3*h - 65 + w = 0. Let a(q) be the first derivative of -q**4/4 - 4*q**3/3 + 3*q + 8. Calculate a(h).
-6
Let p(v) = 456 - 587*v + 263 + 442*v. What is p(5)?
-6
Let p(n) = -19*n. Let c be p(0). Let o(b) be the third derivative of 0*b + 1/3*b**4 + c - 4/3*b**3 - 12*b**2 - 1/60*b**5. Give o(8).
-8
Let o(s) = -3*s + 24. Let j(n) = 2*n - 11. Let m(g) = -5*j(g) - 3*o(g). Let i be ((-12)/(-10)*-3)/((-6)/(-15)). What is m(i)?
-8
Let s(p) = -p**3 - 10*p**2 + 33*p + 242. Let t be s(-11). Suppose 16*g - 11*g = -3*k - 17, -g - 5*k + 1 = t. Let u(z) = z**2 - 2*z - 9. What is u(g)?
15
Let s(o) = -5 + 5 + o. Let c = 3251 - 3251. What is s(c)?
0
Let u(f) = -2*f**2 - 14*f + 15. Let b(l) = -3*l**2 - 2*l + 2. Let y(c) = -6*b(c) + u(c). Determine y(2).
63
Let a(w) = 2*w + 30. Suppose 0 = 15*b + 88 + 206 - 174. Determine a(b).
14
Let w(b) = -4*b - b**3 - 88*b**2 - 34 + 204*b**2 + 0*b - 117*b**2. Give w(0).
-34
Let w(i) = -i**3 - 3*i**2 - i + 3. Let z(p) = -3*p**2 - p - 1. Let s(c) = -w(c) + 3*z(c). Determine s(7).
29
Let y(g) be the first derivative of g**4/4 - 2*g**3 - g**2 + 5*g + 1. Let n = 363 - 212. Let f = 157 - n. Determine y(f).
-7
Let p(h) = h**2 - 12*h - 43. Let s(t) = -5*t**3 + 86*t**2 - 19*t + 49. Let k be s(17). Calculate p(k).
2
Let j be 7/3 - (-16)/6*1444/(-608). Let n(s) = -s + 35. Determine n(j).
39
Let t(b) = b - 4. Let y = -52 - -47. Let x be (4/(-2))/(-2) + y/1. Let k be (-2 - -4)/(x/6). Give t(k).
-7
Let z be (((-32)/3)/(-4))/((-4)/12). Let i(t) be the second derivative of -2*t - 1/20*t**5 + 0 - 6*t**2 - 5/3*t**3 - 3/4*t**4. What is i(z)?
4
Let x(i) = -i**3 - 7*i**2 + 2*i + 16. Let h be x(-7). Let n(f) = 3*f - 1. Let u(y) = -4*y + 2. Let c(b) = h*u(b) + 3*n(b). Let s = 5 - -2. Give c(s).
8
Let p(g) = 2*g - 48. Let j be 30*6*(-4)/(-36). Let r be p(j). Let c(q) = -214*q - q**2 - 222*q + 11 - 220*q + 872*q - 222*q. Calculate c(r).
-5
Suppose -b = 2*g + 2, 3464*b - 3467*b - 3*g + 6 = 0. Let z(c) = -c**3 + 4*c**2 - c - 5. Give z(b).
-83
Let v(c) = -c**2 - 9*c + 8. Let t be 6 + -11 + (8 - 6). Let d be (t + 7)/(1/(-2)). What is v(d)?
16
Let l(d) = 3*d**3 - 79*d**2 + 23*d + 83. Let k be (-40299)/(-1515) + ((-28)/80 - 1/4). What is l(k)?
5
Let c(m) be the third derivative of m**6/120 + 3*m**5/20 + 5*m**4/12 + m**3/2 - 19*m**2 - 5. Determine c(-7).
31
Let p(q) = -2*q**2 + q + 1. Let h(m) = -11*m**2 - 5*m - 4. Let t = 8 + -9. Let g(b) = t*h(b) + 5*p(b). Give g(-9).
0
Let p(t) = -3*t**2 + 2*t - 6. Suppose w + m - 2 = 0, -w = 5*m - 373 + 383. Give p(w).
-71
Suppose 0 = 4*g + t - 137 - 76, 0 = 3*g + t - 159. Let i(v) = 59*v - 168*v + 56*v - v**2 - 18*v**3 + g*v. Give i(1).
-18
Let z = -596 - -598. Suppose 3 = -z*r - 5. Let t(p) = p**2 - 1. Give t(r).
15
Suppose 3570 = -127*t + 1624 - 1356. Let z(g) = 2*g + 35. Give z(t).
-17
Let a(q) = q**3 + 4*q**2 + 6*q + 5. Let i(p) = -3*p**3 + 15*p**2 + 8*p - 26. Let s be i(5). Suppose 0 = s*o + 478 - 436. Determine a(o).
-4
Suppose 8*a + 38 - 54 = 0. Let z be -1 - (-2 - -2) - 1. Let h be ((-4)/z)/a + -1. Let l(k) = -k**2 - 7. Give l(h).
-7
Let a(u) = 4*u + 25. Let s be (-10)/(-15)*-1*15/2. Let g be a(s). Let i(k) = k**3 - 5*k**2 - 7*k + 2. What is i(g)?
-33
Let i(q) = -q - 1. Let u be i(-4). Let o(a) = -156*a - 4. Let b(v) = 151*v + 1. Let d(s) = -b(s) - o(s). Give d(u).
18
Let b(g) = -g**3 - 3*g**2 + 6*g + 10. Let y = -68 + 64. Let m be b(y). Let z(o) = 6 + 6 - 1 - 7 - m*o. Calculate z(3).
-2
Let f(x) be the first derivative of 2/3*x**3 - x**2 - 2*x - 203. Give f(-1).
2
Suppose 3*t = 4*y - 226, -4*y - 8*t + 6*t = -236. Suppose -4*s = -3*k - 59 - 71, -k = -5*s + y. Let w = k + 40. Let z(d) = -d**2 + d. Determine z(w).
-2
Let l(q) be the first derivative of q**4/4 - 2*q**3 + 13*q**2/2 - 18*q + 6125. Determine l(5).
22
Let y(u) = 0 - 21 + 41*u**2 - 1316*u + 1333*u - 43*u**2. What is y(3)?
12
Let a be 9/7 + (-3 - (-95)/35). Suppose -4*z + 23 = 5*x, -5*z - a = 2*x - 0*z. Let q(y) = 7*y**2 + 9 + x*y - y**2 - 7*y**2 + 1. Give q(8).
2
Let d(w) = -w**3 + 10*w**2 + 11*w - 13. Suppose 13*x - 113 = 17. Let t be (x/(-25))/(4/(-110)). What is d(t)?
-13
Let z(s) be the second derivative of -s**3/6 + 14*s**2 - 5*s - 389. Give z(15).
13
Let n(s) = 14*s - 28. Suppose 2*v = 5*v + 2101 - 2107. Calculate n(v).
0
Let z be -14 - ((-57)/(-19) + -23). Let r(y) = -y**2 + 23*y - 108. Determine r(z).
-6
Let v(j) be the first derivative of -31*j**2/2 + 1387. What is v(-1)?
31
Let c(i) = i**3 + 14*i**2 - 34*i - 35. Let q = 1 + -17. Let g be c(q). Let w(s) = s**3 + 2*s**2 + s + 4. Give w(g).
-8
Let s(h) be the third derivative of 2/3*h**3 + 0*h + 3 + 12*h**2 - 7/24*h**4 - 1/60*h**5. Give s(-6).
10
Let t = 7 - 7. Suppose 2*z + 4*z - 114 = t. Suppose 14 = -21*a + z*a. Let g(w) = w**2 + 8*w + 4. Determine g(a).
-3
Let p = -96 - -94. Let x(z) = 2*z + 0*z + 6 - 3. Give x(p).
-1
Let q be 0/((-2)/(-2) - 12/4). Let d(a) = 3*a**2 + a + 1. Let r(c) = 13*c**2 + 4*c + 3. Let u = -61 + 63. Let g(s) = u*r(s) - 9*d(s). Determine g(q).
-3
Let v(s) = s**2 - 4*s - 50. Let l(n) = -203*n + 3243. Let b be l(16). Determine v(b).
-5
Let j(q) = -q - 7. Let b(n) = n**3 - 14*n**2 - 17*n - 5. Let x be b(16). Let a = x + -240. Determine j(a).
-2
Let l(g) = g**2 + 2*g + 5. Let z be (-88)/24 + (2 - 6/18). Calculate l(z).
5
Le